*w - 44 = -w. Let l = -1 + w. What is the remainder when (26 + -7)/(1 - 0) is divided by l?
9
Suppose 0 = 4*o + 16, -2*o = 8*n - 3*n - 112. Calculate the remainder when n is divided by 13.
11
Suppose 0*n + 14 = -x - 3*n, 0 = 3*x + 3*n + 18. Let q = x - 1. What is the remainder when 22 is divided by 3*-2*4/q?
6
Let j = -12 + 25. What is the remainder when 64 is divided by j?
12
Let z(s) = 5*s - 3 - 6*s**2 - 2 + s**3 - s. What is the remainder when z(6) is divided by 7?
5
Let z be 12/(-48) - 34/(-8). Calculate the remainder when 25 is divided by (z/10)/(3/105).
11
Let r = -3 + 5. Suppose r*v - 9 = -3. Calculate the remainder when 5 is divided by v.
2
Suppose 0 = -11*c + 7*c + 8. Calculate the remainder when 5 is divided by c.
1
Let a(p) = -p - 4. Suppose -3*f = 3*c - 15, 5*f - 14 = -c + 3. What is the remainder when ((-3)/6)/(f/(-12)) is divided by a(-5)?
0
Let q(h) = 19*h**2 + h - 1. Let a = 2 + -1. Calculate the remainder when 36 is divided by q(a).
17
Suppose -y = 4 - 5, -4*y + 328 = 4*m. Suppose 0 = 5*k - 15, -2*k = -3*n - k + m. Suppose -4*h + 26 + 34 = 0. What is the remainder when n is divided by h?
13
Suppose -10 = -3*b + b. Let i(h) = h**3 + 5*h**2 - 9*h - 1. Calculate the remainder when i(-6) is divided by b.
2
Suppose 0*h + 2*h - 6 = 0. Suppose 5 = 2*q - p, p = h - 0. Suppose 0 = -k - 1, 25 = 3*s - 2*k - q. What is the remainder when 17 is divided by s?
8
Let l = -1 - -8. Calculate the remainder when 26 is divided by l.
5
Let n = -15 - -21. Suppose n*r = r - k + 59, 2*r - 6 = 4*k. What is the remainder when r is divided by 3?
2
Suppose -4*h - 40 = -156. Calculate the remainder when 86 is divided by h.
28
Let w = -2 - -8. Let a = 74 - 52. Let u = 39 - a. Calculate the remainder when u is divided by w.
5
Let b be (-37)/(-7) + 2/(-7). Let g(y) = y**2 - y - 6. Suppose 57 = l + 4*s, 5*l - 4*s + 6*s - 213 = 0. Calculate the remainder when l is divided by g(b).
13
Suppose 5*y = u - 40, -5*u + 3*y - 12 = -124. What is the remainder when 38 is divided by u?
18
Suppose 9*s - 5*s + 4 = 0. What is the remainder when 6/s*5/(-2) is divided by 6?
3
Let s = -8 - -9. What is the remainder when 12 is divided by 7 + 2 + (-2)/s?
5
Suppose 12*r = 5*r + 525. Let m(a) = 9*a + 1. What is the remainder when r is divided by m(2)?
18
What is the remainder when 2 + (-7)/(14/(-4)) is divided by 2?
0
Let g = 163 + -109. Let p = -50 - -64. What is the remainder when g is divided by p?
12
Let t(y) = 3*y**3 - 4*y - 3. Let q be t(-3). Calculate the remainder when 1 + 3 + -4 - q is divided by 25.
22
Suppose -5*d = 4*d - 162. Calculate the remainder when 105 is divided by d.
15
Suppose -1 = 3*v - 16. Suppose -2*u - 16 = 5*m - 56, -m + v*u - 19 = 0. Calculate the remainder when 16 is divided by m.
4
Suppose -i = -l, 6 = 4*i - 3*i + l. Suppose i*g - 4*f - f = 104, 4*f + 195 = 5*g. What is the remainder when g is divided by 23?
20
Suppose -3*n = -2*f - 56, 0*f = -2*n + 5*f + 30. Calculate the remainder when n is divided by 11.
9
What is the remainder when -10*1/5*-12 is divided by 14?
10
Suppose 4*z + 3 = -9, -11 = -2*k - z. What is the remainder when 20 is divided by k?
6
Let d = 60 - 56. Calculate the remainder when 7 is divided by d.
3
Calculate the remainder when (48/(-20))/(6/(-100)) is divided by 23.
17
Suppose 2*t - 25 = -3*i, 6 = t - i - 19. Calculate the remainder when t is divided by 11.
9
Let r(u) = u**3 + 2*u**2 - 8*u + 6. What is the remainder when r(5) is divided by 24?
21
Suppose -100 = -k + 5*k. What is the remainder when (120/k)/((-6)/20) is divided by 6?
4
Let w(r) = r**3 + 9*r**2 - r - 6. Let y be w(-9). Suppose y*k - 24 = -k. Calculate the remainder when 23 is divided by k.
5
Let u = 62 - 38. Calculate the remainder when u is divided by (-2)/(-2)*27/3.
6
Let x be 10/(-6)*-2*6. Suppose y - 17 + 1 = 3*n, 3*n + x = 5*y. Calculate the remainder when y is divided by 1.
0
Let m be 6 + 2 - (-2 - -2). Suppose 0*b = -2*b + m. What is the remainder when 14 is divided by b?
2
Suppose -50 = -5*l + 5*g, 3*l + g - 32 = -2*l. Suppose -4*i + 5*h - 2 = 3*h, h = -5*i - 20. What is the remainder when -1 - -1*(16 + i) is divided by l?
5
Let q be ((-6)/(-4))/(6/136). Suppose 57 = -3*g - 5*b, -g + b - 7 = 12. Let t = g + q. Calculate the remainder when 44 is divided by t.
14
Let j = 201 + 5. What is the remainder when j is divided by 16?
14
Let x(t) = -t**3 + 8*t**2 + 10*t - 6. Let a be x(9). Suppose -24 = a*y - w - w, 4*w = 0. What is the remainder when 19 is divided by (33/12)/((-2)/y)?
8
Suppose -2*m = -0*m + 3*o + 53, 74 = -3*m + o. Let y = 41 + m. Calculate the remainder when 31 is divided by y.
15
What is the remainder when 10*(3 - (-4)/(-8)) is divided by 9?
7
Let d = 63 + -35. What is the remainder when 81 is divided by d?
25
Suppose 0 = -6*x + x + 475. Suppose -3*u = 2*u - x. Let f(r) = -r**2 - 6*r + 2. Calculate the remainder when u is divided by f(-5).
5
Suppose 4*z - 53 = 3*w, z + 5*w - 4*w = 8. What is the remainder when 43 is divided by z?
10
Let k = -1 + -3. Let a = k + 6. Suppose 0 = 3*p + 2*w - 14, 5*w - 3 = -p + 19. What is the remainder when a is divided by p?
0
Let q(u) = -u**3 - 3*u**2 - u - 1. Let t be q(-2). Let y(z) = -3*z + 1. Let a be y(t). What is the remainder when a/15*(-33)/(-2) is divided by 4?
3
Let m(k) = -k**2 + 24*k - 19. Calculate the remainder when 71 is divided by m(22).
21
Suppose 0 = g - 25 + 13. What is the remainder when 29 is divided by g?
5
Let w be 0/(-1 - (-1 - -1)). Suppose x - 7 + 2 = w. Calculate the remainder when 13 is divided by x.
3
Suppose 0 = -c + 2, -2 = -2*j + 4*c - 6. Let i = j + -6. Let t = 61 + i. What is the remainder when t is divided by 15?
12
Let v(m) = m**2 - 3*m - 31. Calculate the remainder when v(-9) is divided by 9.
5
Let f(z) = -2*z + 8. Let h(a) = a + 1. Let m(p) = f(p) + h(p). What is the remainder when 35 is divided by m(0)?
8
Suppose -p - 83 = -z - 0*z, -4*p + z = 317. What is the remainder when p/((-4)/((-6)/(-3))) is divided by 21?
18
Let o be 35/6 - 1/(-6). Suppose 2*c - 3*g = -o*g + 35, g = -c + 17. Suppose 6*a = 2*a + c. What is the remainder when 6 is divided by a?
2
Suppose -v + 4 - 2 = 0. Suppose 0 = -3*l + v*l + 3. Suppose -j + 1 = -l. What is the remainder when 11 is divided by j?
3
Let m be -14*(-1)/((-14)/(-4)). Suppose -o + h - m*h + 14 = 0, -2*o + 19 = 3*h. What is the remainder when o is divided by 4?
1
Let t(u) = -u**3 + 5*u**2 - 4. Suppose 6*v = v + 10. Suppose 0 = -2*l + v*k + 8, -2*l - l + 27 = 2*k. Calculate the remainder when t(4) is divided by l.
5
Let k = 71 - -2. What is the remainder when k is divided by 25?
23
Let h(w) = 9*w - 14. What is the remainder when h(5) is divided by 8?
7
Suppose 0 = -3*z + 5*z - 44. What is the remainder when z is divided by 8?
6
Let s(g) = g**2 - 4*g + 8. What is the remainder when s(6) is divided by 6?
2
Let s = -3 + 11. Let a(j) = j**2 - 12*j + 10. Let n(h) = -h. Let k(v) = a(v) - 4*n(v). What is the remainder when 18 is divided by k(s)?
8
Suppose 2*u = -0*u + 78. Suppose 0 = -4*z + u + 9. Let q(f) = 2*f**2 - 7*f - 8. Calculate the remainder when q(6) is divided by z.
10
Let j = -153 - -175. Calculate the remainder when 173 is divided by j.
19
Let i(s) = -s. Let z be i(2). Let c = z - -4. What is the remainder when 40 is divided by (-57)/(-4) + c/(-8)?
12
Let b(p) = -2*p - 1. Let x(w) = -1. Let z(j) = -b(j) + 3*x(j). Suppose 0*k - k = -7. What is the remainder when z(7) is divided by k?
5
Let d(z) = z**3 + 2*z**2 - 4*z. Let x be d(-3). Let o = x - 1. Calculate the remainder when 5 is divided by o.
1
Suppose 2*t + 2*t = 3*h - 28, -5*t - 5*h = 0. Let m(d) = 4*d**2 - 3. Let f be m(t). Let z = f - 34. Calculate the remainder when z is divided by 7.
6
Let j be 2/4*16/2. Suppose j*i - 3*i + 35 = 4*q, -2*q - 4*i + 22 = 0. Calculate the remainder when q is divided by 5.
4
Let i(u) = -2*u - 1. Suppose 102 = -6*s + 18. Let n(f) = -13*f + 1. Calculate the remainder when i(s) is divided by n(-1).
13
Let z = -115 - -233. What is the remainder when z is divided by 40?
38
Let i = 89 - 19. What is the remainder when i is divided by 6?
4
Suppose -b = 5*a - 32 - 52, 2*a - 5*b - 39 = 0. Suppose 4*o = -a - 39. Let c = -6 - o. What is the remainder when 15 is divided by c?
7
Suppose 2*d = -4*v - 2, -5*v + 15 = 5*d - 0*v. Suppose -5*l + 2 - d = 0, i = 4*l + 3. Wha